 48.
16
Let f = -1724 + 1836. Calculate the greatest common divisor of f and 208.
16
Let k(b) = -17*b - 243. Let g be k(-15). Let o be (-282)/(-15) - 8/10. Calculate the highest common factor of o and g.
6
Let o be 0 + 3 - (-12)/4. What is the highest common factor of o and 162?
6
Let u = -1343 + 1505. Calculate the greatest common factor of u and 12.
6
Let f be 17/3 + -2 - (-2)/(-3). Suppose f*s = -0*s + 36. Calculate the greatest common divisor of s and 9.
3
Suppose -r + 6 = r. Suppose 84 = r*s - 42. What is the highest common factor of s and 6?
6
Let r be (-714)/(-91) - 2/(-13). Let t be r*(44/(-8) - -2). Let m be ((-96)/(-56))/((-2)/t). Calculate the greatest common factor of m and 3.
3
Suppose -3*r - 2*w - 34 = -3*w, 2*r = -3*w - 8. Let q be 438/11 + r/(-55). Let y = -214 + 230. Calculate the highest common factor of q and y.
8
Suppose -6*v = -2*v - w - 483, 0 = 3*w - 15. What is the highest common factor of 2806 and v?
122
Suppose 2*a - 58 = 2*c - 4*c, -4*a - 3*c + 117 = 0. Suppose -170 = 37*u - 54*u. What is the greatest common divisor of a and u?
10
Let t be (-1)/2 - (1746/(-12))/(-3). Let m = 9 - t. Calculate the greatest common factor of m and 29.
29
Let b(y) = y**3 - 7*y**2 - 18*y + 3. Let x be b(9). Suppose 0 = -x*m + 4*m - 5*d - 39, -2*d - 2 = 0. What is the highest common divisor of m and 85?
17
Let w(x) = -x**3 + 17*x**2 + 2*x - 21. Let a be w(17). Let y = 1197 + -731. Let k be y/4 - (-1)/2. What is the greatest common divisor of a and k?
13
Suppose 7*w + 0 - 14 = 0. Suppose f - 11 = -w*n, 5*f + 28 = 2*n - 1. What is the highest common divisor of n and 42?
7
Suppose 2*h - 20 = -5*p - 2*h, 0 = -p - 4*h + 4. Let c be (-1278)/(-10) - (-2)/10. Let o be c/(-6)*9/(-6). Calculate the greatest common factor of p and o.
4
Suppose 13 = 4*j - i, 0 = -6*j + j - 3*i + 12. Suppose -j*n + 13 = -50. What is the highest common factor of n and 168?
21
Let y = 992 - 780. What is the greatest common factor of y and 265?
53
Suppose -87*m - 1665 = -92*m. What is the greatest common divisor of m and 148?
37
Let t(x) = -x**3 + 16*x**2 + x + 6. Suppose -5*l + 0*l + 80 = -4*a, 0 = -4*l + 5*a + 64. Let y be t(l). What is the greatest common factor of y and 2?
2
Suppose -4*j + 5*h + 32 = 0, 78 = -2*j + 4*h + 94. Calculate the greatest common divisor of j and 1592.
8
Let j(v) = -v**3 - 11*v**2 - v - 6. Let p be j(-11). Suppose -3*b + 4*g = 0, -p*b - 7*g = -2*g - 35. What is the highest common divisor of b and 36?
4
Suppose 63 = 17*o - 141. What is the greatest common divisor of 48 and o?
12
Let d(u) = u**3 - 6*u**2 + 7*u - 5. Let v be d(5). Suppose v*k + 3*k = 32. Calculate the highest common divisor of k and 4.
4
Let t(p) = 35*p + 3. Let b be t(-2). Let c = -58 - b. What is the greatest common divisor of c and 27?
9
Suppose 2*r + 12*f - 7*f = 319, -3*r + 481 = 5*f. What is the greatest common factor of r and 18?
18
Suppose 0 = 5*y - 5*i + 15, 4*i = -5*y - 20 + 5. Let d be y - ((1 - -1) + -7). What is the greatest common factor of d and 18?
2
Suppose -228 = -2*s + 3*h - 2*h, 2*h - 588 = -5*s. Calculate the greatest common divisor of 87 and s.
29
Suppose -3*s + 10 = -41. What is the greatest common divisor of s and 85?
17
Suppose -5*v + 2880 = -80. What is the highest common divisor of v and 16?
16
Let t(a) = a**2 + 5*a - 71. Let o be t(-12). Let g = 43 + 100. What is the highest common divisor of o and g?
13
Suppose -4 = -n, 2*f - 5*f + 4*n + 398 = 0. Suppose -6*a + 90 = -f. What is the greatest common divisor of 95 and a?
19
Suppose -p + 91 - 86 = 0. Suppose -3*a = -c - 30, -p*a - 3*c + 40 = -a. Calculate the greatest common factor of 70 and a.
10
Suppose -w + q = -6*w - 31, -w - 5*q = 11. Let v(p) = p**2 + 2*p + 13. Let f be v(w). What is the highest common factor of 37 and f?
37
Let b = 153 - -277. What is the greatest common divisor of 20 and b?
10
Let f(u) = u**3 + 40*u**2 + 85*u - 159. Let s be f(-37). What is the highest common factor of 11 and s?
11
Let s(f) = -4*f**2 - 2*f - 2. Let y be s(-2). Let b be -2 - (y - 1 - -1). Let g be (-4)/(-22) + 124/44. What is the greatest common divisor of b and g?
3
Let c be (-24)/(-10) - (-2)/(-5). Suppose -3*l - 5*t = l - 79, -4*l - c*t = -94. Calculate the greatest common divisor of l and 39.
13
Let m be 0/(-3) - (-123 + 6). Calculate the highest common factor of m and 1053.
117
Let l = -1254 - -1318. Calculate the greatest common divisor of 496 and l.
16
Let u be 6/(-14) + 10/7. Suppose 0 = -4*g + g + 6. Let f = g + 3. What is the highest common factor of f and u?
1
Let w(m) = -m**3 - 14*m**2 - m - 3. Let t be w(-14). Suppose b - 203 = -t. Calculate the highest common divisor of b and 24.
24
Let s(t) = t**2 + 10*t + 25. Let d be 1*4*(-9)/6. Let k be s(d). Suppose -2*b + 4*u = -8, -u + 3 = 3*b - b. What is the highest common factor of k and b?
1
Suppose 3*d + 2*d = 10. Suppose -u - d*u + 138 = 0. Suppose 0 = 2*p - c - 71, 21 - u = 5*c. What is the highest common divisor of p and 11?
11
Let f = 809 + -794. What is the greatest common factor of 25 and f?
5
Let f = -932 - -1444. What is the highest common divisor of 8 and f?
8
Suppose 25 = -2*l + 81. Let w = l - 16. Suppose -5*a + 38 = -w. Calculate the highest common divisor of 15 and a.
5
Suppose i = -f - 2*i + 14, 5*i = 20. Suppose 0 = f*m - 11 - 1. Suppose 20 + 6 = 5*y + 3*q, 18 = 5*y - q. Calculate the greatest common divisor of m and y.
2
Suppose 2*k - 4*j - 24 = -9*j, k + 4*j - 18 = 0. Suppose 3*n - 16 = -k*h, 8 = -4*h - 0*h + 4*n. What is the highest common factor of 18 and h?
2
Let g = 1084 - 844. What is the highest common divisor of 30 and g?
30
Let q = -650 - -676. What is the highest common divisor of q and 1404?
26
Let o = -480 - -870. Suppose 4*u - u = o. What is the greatest common factor of u and 10?
10
Let u(m) = m**2 - 3*m - 7. Let p be u(8). Suppose 4*w - 39 = p. Calculate the highest common divisor of 198 and w.
18
Let c = 249 + -217. Calculate the greatest common divisor of c and 20.
4
Suppose 0*s - 88 = 2*s. Let q = s + 56. What is the greatest common divisor of q and 12?
12
Let k = -66 + 66. Suppose k = -3*z + 8 + 7. Calculate the greatest common divisor of z and 35.
5
Suppose 2*f + 3*f = 525. Suppose 2*g - 3 = -j + 5, 2*j + 5*g = 19. Suppose -5*q = -3*z + 205, j*z + z + 5*q = 215. What is the highest common factor of z and f?
35
Suppose 2289 = -t + 8*t. Let z = 281 + t. Suppose 20 = -3*g + z. Calculate the highest common factor of g and 28.
28
Suppose 26*u = 58 + 150. What is the highest common factor of u and 6?
2
Let z(w) = 74*w - 85. Let u be z(8). What is the highest common factor of u and 195?
39
Let m be (-130)/((-10)/2)*-1. Let x = m + 74. What is the highest common divisor of x and 12?
12
Let s = -31 + 28. Let u = s - -18. Let b(v) = -6*v**3 - v**2. Let t be b(-1). What is the greatest common divisor of t and u?
5
Let m(u) = -5*u - 123. Let v be m(-26). Calculate the highest common factor of v and 553.
7
Suppose 2*k - i - 2*i - 11 = 0, 6 = k - i. Let m = 224 - 221. Suppose 21*t - 882 = m*t. Calculate the greatest common factor of k and t.
7
Let s(m) = -4*m**3 - 2*m**2 + m - 2. Let q be s(-2). Let v = -6 + q. Let u be ((-17)/(-3) - 1)*9. Calculate the greatest common divisor of u and v.
14
Suppose 29671 = 36*j + 3175. What is the highest common factor of 128 and j?
32
Suppose 2*v - 5*u - 86 = 94, 4*v - u = 360. Let d be (-4)/3*27/(-2). Calculate the greatest common factor of d and v.
18
Let r(g) = -13*g + 10. Let i be r(9). Let c = i - -68. Let s = c - -135. What is the highest common divisor of s and 12?
12
Suppose 0*c = -3*c + 18. Suppose 0*f - 15 = 3*f. Let v = f - -23. What is the highest common factor of c and v?
6
Suppose 5*g + 6 = -4. Let f be g/4 + 403/26. Calculate the highest common factor of 10 and f.
5
Suppose 8*f - 4*f - 12 = 0. Let j be 14*((-4 - -2) + f). Calculate the highest common factor of 154 and j.
14
Let n be (12/10)/(2 - (-18)/(-10)). Suppose -5*r - 5*f + 10 = 0, 3*r - 4*r - 5*f + n = 0. What is the greatest common divisor of 8 and r?
1
Let s = -10 + 48. Let b(d) = 114*d**2 - d - 1. Let k be b(-1). What is the highest common factor of s and k?
38
Let a be 0 - -1 - (7 + -4). Let w(x) = 4*x + 43. Let j(r) = -r - 14. Let k(y) = a*w(y) - 7*j(y). Let m be k(8). What is the greatest common divisor of m and 16?
4